 17).
0
What is the value of 11 + -8 + 2 + 0?
5
-4 - -8 - (-6 - -2)
8
What is 5 + (0 + 1 - 2)?
4
Calculate 2 - (0 + 2) - (5 + -9).
4
What is (-10 - 1) + 2 + (2 - -1)?
-6
Evaluate -2 - (3 + -4 + (0 - 6)).
5
Calculate 4 - (7 - (8 + 3) - -10).
-2
Evaluate -4 - ((-9 - -19) + -7).
-7
7 + -1 - (4 + -1)
3
Evaluate 3 + (-5 - -1 - (-3 + 4)).
-2
Calculate 34 + 1 + -10 + -15.
10
What is -11 + (19 - 12) + 9?
5
Evaluate (2 - (-6 - -5)) + -6.
-3
Calculate 35 + -36 - (0 + 0).
-1
Calculate (-3 - (2 - 5)) + -4 + 0.
-4
(-11 - -17) + -15 + 4
-5
What is 4 - (4 + -1) - 5?
-4
-7 + -7 + 12 + 10
8
Evaluate -2 + (2 - (0 - 5)) + -7.
-2
What is (0 - (0 - (-4 - -10))) + -10?
-4
Calculate -8 - (0 + -9 + 0).
1
Evaluate (1 - 3) + (7 + -6 - -1).
0
What is the value of -9 + 5 + 4 + -5?
-5
Evaluate -8 + -2 + 4 - 1.
-7
What is (7 - (0 - -3)) + 1?
5
1 + 0 - ((-4 - -3) + 7)
-5
What is the value of 4 + -2 - (11 - (1 + 0))?
-8
What is the value of (4 - 8) + (-7 - (3 + -3))?
-11
13 - 16 - (-7 - (-1 + -4))
-1
What is 0 - 9 - ((12 - 33) + 15)?
-3
Evaluate -4 + 0 + 18 + -7 + -11.
-4
-9 + -3 + -1 + 9
-4
(1 - -3) + 12 + 0 + -13
3
(10 - 12) + (-1 - -2) + 1
0
0 + -7 + 5 + 3
1
Evaluate -5 - (-4 + 3 + 3).
-7
Evaluate -7 + (1 - -1) + -5 + 11.
1
Evaluate -9 - -4 - (-9 + (-2 - 1)).
7
-18 - -26 - (1 - -12) - 3
-8
Calculate 5 - (0 - -2) - -1.
4
0 - (14 + -11 + -10)
7
Calculate -2 - (10 + 13 + -34).
9
Evaluate (4 + 2 + -3 - 1) + -4.
-2
Calculate -5 + 8 + -8 + 1.
-4
Calculate -5 - ((5 - 8) + -2 + 5).
-5
Calculate (8 - 3) + -5 + 1.
1
What is the value of (-13 - -9) + 3 + -1 - 2?
-4
What is 8 + 5 + -2 - 9?
2
What is the value of 4 + -5 + 4 - 0?
3
What is the value of 40 + -31 + (1 - 6)?
4
What is 2 + 3 + -10 + -6 + 8?
-3
What is the value of 5 + (7 - (10 - -7))?
-5
What is the value of (12 - (2 - -4)) + -5?
1
Calculate 4 + (-2 - 5) - 3.
-6
What is -2 + (2 - -4) + 1?
5
What is (0 - 3 - -3) + 3?
3
What is 5 + -1 + (9 - (14 + -5))?
4
Calculate 13 - 26 - (0 + -7).
-6
Calculate -7 - (-16 + 7 + -1 + 1).
2
What is (-35 - -35) + (0 - (1 - 2))?
1
What is the value of -5 - -5 - 6 - -10?
4
What is the value of -27 + 39 + -14 + 0?
-2
Evaluate -1 - (2 + 0 - (2 + 3)).
2
What is 75 - 68 - (1 + 2)?
4
Calculate (5 - 5 - -6 - 1) + 0.
5
What is the value of -1 + -8 + (24 - 14)?
1
What is -4 + -2 + 4 - -3?
1
Evaluate (-2 - (-3 + 4)) + 0 + 0.
-3
Calculate 2 + 8 + -1 + -12 + -3.
-6
(-7 - -4) + (7 - 11)
-7
Evaluate 2 + 2 + -4 + 5.
5
What is 4 + (3 - 15) + 4?
-4
Evaluate -12 + 16 + 8 + -5.
7
What is the value of 13 - 1 - (-4 + (14 - 4))?
6
Calculate (-3 - -3 - 1) + 22 + -17.
4
Calculate -2 + 10 + (5 + 0 - 8).
5
-2 - (3 + 0 - 2 - -2)
-5
What is (18 + -11 - -4) + -6?
5
Calculate -22 - -24 - (-1 - 0).
3
What is 7 - 9 - 2 - -11?
7
Evaluate 7 - (1 - 3) - 4.
5
Evaluate 31 + -21 - (3 + 7).
0
Calculate (-1 - -4 - 3) + (2 - -1).
3
What is the value of -11 - (8 + -15) - (0 + 4)?
-8
5 + 1 + (2 - 5) + 2
5
What is the value of ((-2 - -4) + -8 - -12) + -5?
1
Evaluate (-1 - -7) + (3 - 4).
5
What is the value of -3 + (3 + -2 - -1) + 0?
-1
Evaluate 10 + 0 + 2 + 0 + -4.
8
What is 0 - 4 - (7 + -7 - 4)?
0
-7 - 0 - (-5 - 7)
5
Evaluate -4 - (-3 + 1) - (-1 - 1).
0
What is 1 - (2 - 5) - (5 + 0)?
-1
What is the value of 74 + -72 + 3 + (-2 - -3)?
6
Evaluate (4 - 5) + (7 - 10).
-4
Calculate 8 + -3 + 3 + -4 + 1.
5
Evaluate 9 + -9 - 3 - (-3 + -1).
1
-5 + (-7 + 6 - -5 - -8)
7
What is (-8 - 9 - -14) + 1 + 7?
5
5 + 1 + (4 + -13 - -3)
0
Calculate -1 + 0 - (16 + -9 + -6).
-2
-3 - -4 - 7 - (-22 + 17)
-1
Evaluate (5 - (-5 + 2)) + -3.
5
What is the value of -2 + 10 + -6 - 10?
-8
Calculate 1 - (-1 + (12 + -5 - 4)).
-1
What is 1 + -10 + (0 + -4 - -8)?
-5
Evaluate 3 + 0 + -5 + (19 - 20).
-3
(12 + -9 - -2) + 0 + -15
-10
Evaluate 4 - (3 - 0 - 0) - -2.
3
What is (-2 - -1 - 2) + (-5 - -5)?
-3
-1 + 1 - (1 - 5 - -9)
-5
What is the value of -1 + (-5 - -7) - 4?
-3
What is the value of -2 + (4 - (-4 - -4))?
2
Calculate 13 + -16 + 9 - -4.
10
Evaluate -5 - (-3 + (4 - (5 + -4))).
-5
What is -2 + 10 + -40 + 36?
4
0 + 0 - (2 - 2) - -1
1
Evaluate (11 + -21 - 0) + 6.
-4
What is the value of -3 + -3 + 6 + 3 + -3?
0
What is the value of (-22 - (6 - 18)) + 3?
-7
Calculate 5 + -1 - 3 - 0 - 3.
-2
What is the value of -10 + 6 + 5 + (-6 - -2)?
-3
Evaluate 3 - 1 - (1 - 3).
4
What is the value of -4 + (5 - ((-5 - -5) + 1))?
0
Evaluate 0 + -6 + -9 + 2 - -8.
-5
-3 + 2 + 6 + 0
5
What is the value of -2 + 3 - -1 - (-10 - -7)?
5
What is the value of 1 + (-13 - -18) + 1 + -8?
-1
What is 78 + -71 - (2 + -1)?
6
What is the value of -6 - ((-8 - -6) + 5)?
-9
What is the value of (-5 - (0 + -1)) + 3?
-1
1 - ((-8 - -3) + 3 + -2)
5
Calculate -5 - -17 - (-8 + 22).
-2
What is 0 - ((-4 - -9) + -4) - 4?
-5
What is (22 - 25) + 11 + -1 + 0?
7
0 - -2 - (1 + (-3 - -2))
2
Evaluate 6 - 2 - 1 - (112 + -110).
1
What is 6 - (-3 + -14 + 15)?
8
Evaluate 3 + 9 + 1 + -4.
9
What is the value of (2 - 9) + 4 + (3 - 0)?
0
9 + -4 - -3 - 3
5
What is the value of (28 - 35) + (-1 - -11)?
3
What is the value of (11 - 19) + 6 - (-5 - 0)?
3
Evaluate 2 + (-1 - 2 - -3).
2
Calculate (0 + 7 - 1) + (21 - 25).
2
6 + -2 + (-13 - -8) + 2
1
Evaluate (12 - 5) + -4 - (0 - 5).
8
Calculate 0 + -1 + (-6 - -1 - -2).
-4
Calculate 66 - 68 - (-1 + 0 - 3).
2
Evaluate -7 + (1 - -8) + -1.
1
What is the value of -12 + 11 - (1 + -1)?
-1
Calculate -2 + -2 + -2 - 0 - -1.
-5
What is 10 + -2 - (-51 - -61)?
-2
Calculate -11 + 5 + (-4 - -4).
-6
Evaluate (14 - (4 - -7)) + -1.
2
Calculate -6 - (2 - 7 - (-4 + 1)).
-4
Evaluate 6 + (-4 - (8 + -7)) - 2.
-1
What is (-3 - -3) + (-3 - 0) - -8?
5
Evaluate (-5 - (-5 - (0 - 2))) + -2.
-4
Calculate (-12 - (-11 - 8)) + (-7 - -1).
1
(-9 - -5 - (0 - 1)) + -1
-4
Calculate (-8 - 1) + 8 + 1.
0
Evaluate -1 + 2 + 4 + 1 + -12.
-6
What is 0 - -1 - (14 + -13) - 5?
-5
Evaluate 0 + (-1 + 5 - 10) + 2.
-4
Calculate 7 + (0 - 3 - 0).
4
Calculate 141 + -131 - (19 + 1).
-10
What is -2 + (-3 - -4 - -3)?
2
-2 - (3 + 1) - -1
-5
0 + 10 + (-13 - -8)
5
What is 9 - (16 - (-3 + 7))?
-3
Evaluate -3 + 0 + (2 - -3).
2
Evaluate -15 + (31 - (-8 + 13)).
11
Calculate -5 + (-3 + 0 - -4).
-4
What is the value of -3 + 1 + (-2 - (5 - 0))?
-9
6 + 4 + -2 - (3 + 0)
5
What is -2 + -3 - (-19 - -17)?
-3
Calculate 7 + 7 + -1 + -10.
3
0 - ((3 - 15) + 6)
6
Evaluate 3 + -1 + -1 - (2 + -6).
5
Evaluate 0 + 0 + 4 + 6 + -11.
-1
4 - (-9 + 10) - 8
-5
Evaluate 11 + (-10 - 3) - -11.
9
What is the value of (2 - 2) + (-29 - -21)?
-8
What is (-1 - 0) + -5 + (2 - -3)?
-1
What is the value of (3 - (-7 + 5)) + -8?
-3
What is 10 + 2 - (6 - 1)?
7
What is 34 + -37 - (-3 + 1)?
-1
Evaluate 42 + -49 - (-6 - -1).
-2
4 + -4 + 0 + -4
-4
What is 8 - (1 - (-7 + 0))?
0
Evaluate (-2 + -1 - 1) + 1 + 0.
-3
Calculate (-5 + 4 - 3) + 1.
-3
What is the value of -4 + (-1 - -8) + (-25 - -17)?
-5
Calculate (3 + -5 - 0) + 5.
3
Calculate -6 - (4 + -2 - 6).
-2
-9 + (-7 + -3 - -13)
-6
6 - ((8 - 6) + 1)
3
-1 + 2 + 33 + -30
4
What is the value of -6 + 5 - (7 + -3)?
-5
What is the value of -6 - -9 - (2 - (6 - 3))?
4
Evaluate (-7 - -8) + 5 + -9.
-3
Calculate 6 - (1 + (0 - -2)).
3
What is 6 - (-2 + 8 + -5 - -1)?
4
Evaluate 7 - (0 - 6 - (-24 + 9)).
-2
Evaluate 13 + -12 + 7 + -1 + -7.
0
What is the value of -1 - (-7 + 8 + -3)?
1
What is 1 + (1 - (5 + -2) - -1)?
0
What is 3 - 9 - (12 + -7 + -4)?
-7
Evaluate 1 + -2 + (4 - (8 + -4)).
-1
What is 1 + -1 - -5 - (18 - 12)?
-1
What is the value of -4 + (-8 - (-4 + 4) - -18)?
6
Calculate -1 + 13 - (1 - -8).
3
What is the value of 2 - (-3 + -1 - -9)?
-3
What is (1 - 8 - (3 + -6)) + 1?
-3
Evaluate (5 + (-5 - 2) - -6) + -11.
-7
67 + -64 - (-2 + 1 + 6)
-2
Evaluate -2 + -2 + (4 - 0).
0
-9 - (0 + (-3 - 0))
-6
What is the value of 3 + -7 + 4 + -4?
-4
What is 5 + -1 + 3 + -6?
1
What is -5 - -3 - 2 - (-7 + 0)?
3
What is the value of -1 + (10 + -11 - (0 - -2))?
-4
Evaluate (2 - 0 - (-11 + 13)) + -4.
-4
What is 5 + -15 - -6 - -1?
-3
What is the value of -1 + 1 + (3 - -2 - 5)?
0
Calculate -4 + 9 + (-2 - 7).
-4
What is the value of -3 + (2 - (5 - (6 - 5)))?
-5
What is 13 + -1 + -9 + 2?
5
What is the value of (-3 - 2) + -2 - (0 - 3)?
-4
Evaluate 0 + -5 - (-2 - (2 - 1)).
-2
(-9 + 15 - -10) + -11
5
What is (-5 + (13 - 3) - 1) + -3?
1
Calculate 2 + -9 + -1 + -1 + 5.
-4
-2 + (5 - -2) + (5 - 5)
5
Calculate -23 + 23 - ((1 - 7) + -1).
7
Calculate 1 + -2 - -6 - (68 + -69).
6
Evaluate (1 